r of 17 and 37179?
17
What is the greatest common factor of 33 and 32703?
33
Calculate the highest common divisor of 48 and 744.
24
Calculate the highest common divisor of 4853 and 23.
23
What is the highest common divisor of 16 and 128?
16
What is the highest common factor of 12 and 30?
6
What is the greatest common divisor of 4 and 7?
1
Calculate the greatest common factor of 395 and 40.
5
What is the highest common factor of 658 and 672?
14
What is the highest common factor of 52 and 1638?
26
Calculate the highest common factor of 238 and 42.
14
Calculate the highest common divisor of 1014 and 52.
26
Calculate the greatest common divisor of 646 and 722.
38
What is the highest common divisor of 80 and 620?
20
Calculate the greatest common divisor of 33 and 2123.
11
What is the greatest common factor of 2628 and 36?
36
Calculate the greatest common divisor of 1085 and 5.
5
Calculate the highest common factor of 279 and 9.
9
What is the greatest common divisor of 1105 and 3485?
85
Calculate the highest common divisor of 21 and 22183.
7
What is the highest common divisor of 1775 and 284?
71
What is the highest common divisor of 24382 and 438?
146
Calculate the greatest common factor of 90 and 2565.
45
Calculate the highest common factor of 16 and 1016.
8
Calculate the highest common divisor of 636 and 24.
12
Calculate the greatest common divisor of 42 and 357.
21
Calculate the highest common factor of 2240 and 1820.
140
Calculate the highest common divisor of 63 and 840.
21
Calculate the highest common divisor of 159 and 265.
53
What is the greatest common divisor of 78 and 42?
6
Calculate the highest common factor of 1267 and 181.
181
Calculate the highest common factor of 23624 and 8.
8
Calculate the highest common divisor of 390 and 39.
39
What is the highest common divisor of 39 and 26?
13
What is the greatest common divisor of 6077 and 824?
103
What is the highest common factor of 2048 and 32?
32
Calculate the highest common divisor of 100 and 225.
25
What is the greatest common factor of 884 and 52?
52
What is the greatest common factor of 57 and 1311?
57
Calculate the highest common factor of 1287 and 6.
3
Calculate the highest common factor of 154 and 21.
7
Calculate the highest common divisor of 510 and 4.
2
What is the highest common divisor of 72683 and 26?
13
Calculate the highest common factor of 49 and 36799.
49
Calculate the highest common divisor of 3 and 7.
1
What is the greatest common factor of 259 and 28?
7
What is the greatest common divisor of 119 and 833?
119
What is the highest common divisor of 1098 and 306?
18
What is the highest common factor of 7431 and 3?
3
What is the greatest common divisor of 2034 and 72?
18
What is the highest common factor of 448 and 5056?
64
Calculate the greatest common divisor of 240 and 2340.
60
What is the highest common factor of 6 and 122?
2
Calculate the greatest common divisor of 72 and 48.
24
What is the highest common divisor of 90 and 585?
45
Calculate the highest common factor of 106 and 1166.
106
Calculate the highest common divisor of 560 and 1008.
112
What is the highest common divisor of 50 and 5225?
25
Calculate the greatest common divisor of 1284 and 36.
12
What is the greatest common divisor of 26124 and 84?
84
What is the highest common divisor of 6 and 2798?
2
Calculate the greatest common factor of 5994 and 74.
74
Calculate the highest common factor of 24 and 4716.
12
What is the greatest common factor of 640 and 460?
20
Calculate the greatest common factor of 253 and 46.
23
Calculate the highest common divisor of 100 and 620.
20
What is the greatest common divisor of 15057 and 27?
9
Calculate the highest common factor of 250 and 20.
10
Calculate the greatest common divisor of 1044 and 609.
87
Calculate the highest common divisor of 2366 and 98.
14
What is the highest common divisor of 32 and 1312?
32
What is the greatest common factor of 12 and 1362?
6
What is the highest common divisor of 8 and 92?
4
What is the highest common divisor of 2358 and 18?
18
Calculate the greatest common divisor of 4 and 32.
4
What is the highest common factor of 4 and 36?
4
What is the greatest common factor of 3015 and 90?
45
What is the greatest common divisor of 188 and 470?
94
What is the highest common factor of 135 and 75?
15
Calculate the highest common factor of 26 and 624.
26
Calculate the greatest common divisor of 62 and 1984.
62
Calculate the highest common factor of 20 and 20.
20
Calculate the greatest common divisor of 248 and 93.
31
What is the highest common divisor of 1110 and 240?
30
Calculate the greatest common factor of 198 and 1474.
22
Calculate the greatest common divisor of 925 and 2825.
25
Calculate the greatest common divisor of 2595 and 345.
15
Calculate the greatest common divisor of 142 and 6887.
71
What is the highest common divisor of 8432 and 186?
62
Calculate the greatest common divisor of 2634 and 15.
3
Calculate the highest common divisor of 104 and 8.
8
Calculate the highest common divisor of 35956 and 178.
178
What is the highest common divisor of 374 and 22?
22
Calculate the highest common factor of 3250 and 1170.
130
Calculate the highest common factor of 606 and 101.
101
What is the greatest common factor of 628 and 11775?
157
Calculate the greatest common factor of 1308 and 12.
12
What is the greatest common factor of 2547 and 12?
3
What is the greatest common factor of 656 and 574?
82
What is the highest common divisor of 56 and 3612?
28
What is the highest common divisor of 7 and 5?
1
What is the highest common divisor of 720 and 1035?
45
Calculate the greatest common divisor of 66 and 1881.
33
What is the greatest common factor of 12 and 1068?
12
Calculate the highest common factor of 57 and 37487.
19
Calculate the greatest common divisor of 612 and 1088.
68
What is the highest common factor of 248 and 2108?
124
Calculate the greatest common factor of 5 and 135.
5
Calculate the greatest common factor of 182 and 161.
7
What is the highest common divisor of 169 and 169?
169
What is the greatest common factor of 19 and 1121?
19
What is the highest common divisor of 11 and 517?
11
Calculate the greatest common divisor of 2640 and 165.
165
Calculate the highest common divisor of 326 and 17441.
163
What is the greatest common divisor of 92 and 15916?
92
Calculate the greatest common factor of 970 and 30.
10
What is the greatest common factor of 108 and 292?
4
Calculate the highest common factor of 111 and 5143.
37
What is the greatest common factor of 14 and 74?
2
Calculate the greatest common factor of 2808 and 2.
2
Calculate the highest common divisor of 3599 and 61.
61
What is the greatest common factor of 6208 and 64?
64
What is the greatest common divisor of 320 and 460?
20
Calculate the greatest common divisor of 713 and 31.
31
What is the highest common divisor of 1 and 263?
1
What is the greatest common factor of 1 and 283?
1
What is the greatest common factor of 930 and 150?
30
What is the highest common factor of 21 and 48993?
21
What is the highest common factor of 152 and 1748?
76
Calculate the highest common factor of 4 and 4.
4
Calculate the highest common factor of 175 and 5925.
25
Calculate the highest common factor of 871 and 67.
67
What is the highest common divisor of 4584 and 108?
12
Calculate the highest common divisor of 190 and 1045.
95
Calculate the greatest common divisor of 36 and 6.
6
Calculate the greatest common factor of 124 and 164.
4
What is the greatest common divisor of 53 and 1325?
53
What is the greatest common factor of 2 and 62?
2
What is the highest common factor of 41 and 41?
41
Calculate the greatest common factor of 532 and 56.
28
What is the greatest common divisor of 73 and 1606?
73
What is the highest common divisor of 1180 and 180?
20
Calculate the greatest common factor of 19558 and 308.
154
Calculate the highest common factor of 768 and 696.
24
What is the greatest common divisor of 48943 and 17?
17
Calculate the highest common factor of 101 and 5050.
101
Calculate the highest common divisor of 28 and 20.
4
Calculate the greatest common factor of 3026 and 34.
34
What is the highest common factor of 190 and 510?
10
Calculate the greatest common factor of 88 and 473.
11
What is the greatest common divis